+ i + j = -0*i. What is the units digit of v?
6
Suppose -4*v = v - 50. Let l be ((-1)/(-2))/(1/v). Suppose -4*f - 3*q = -0*q - 140, -2*f + l*q + 44 = 0. What is the units digit of f?
2
Let r = -24 + 34. Suppose -c - r = -3*c. Suppose c + 22 = n. What is the tens digit of n?
2
Let w(l) = -10*l - 5. Let q be w(-5). What is the units digit of (-2)/(-10) + 396/q?
9
Let a be (-6 - -2) + (-17)/1. Let c = a + 23. Suppose q + 1 = c*q. What is the units digit of q?
1
Let g(p) be the second derivative of 3*p**5/20 + p**4/12 - p**2/2 + 11*p. What is the units digit of g(3)?
9
Let d(n) be the third derivative of n**6/360 + n**5/120 + n**4/12 + n**3/6 - n**2. Let s(k) be the first derivative of d(k). What is the units digit of s(0)?
2
Let o = 158 - 66. Suppose -4*n + 48 = -o. What is the tens digit of n?
3
Suppose 0 = -11*w + 3333 + 1012. What is the tens digit of w?
9
Suppose -5*w = 2*a - 2 - 17, -5*w = -a - 13. Suppose -2*j + w*r = -75, -2*r = -2*j + j + 38. What is the units digit of j?
6
Suppose 8*f - 3103 = 2777. What is the units digit of f?
5
Let h = -322 + 1389. Suppose 0 = -5*t + 4*x + 1331, 4*t - h = 2*x - x. What is the units digit of t?
7
Let q(r) = r**3 + 13*r**2 - 24*r - 34. What is the tens digit of q(-14)?
0
Let j be (-1)/((-1)/(5/1)). Suppose -t - 2 + j = 0. Suppose t*z - 2*z - 37 = 0. What is the tens digit of z?
3
Suppose 0 = 520*y - 523*y + 3195. What is the tens digit of y?
6
Let w(n) = -n + 1. Let b(s) = 2*s**3 + s**2 + 7*s - 6. Let i(f) = b(f) + 4*w(f). Let d = 32 + -30. What is the units digit of i(d)?
4
Suppose -5*k + 45 = -5*w, -5 - 2 = w + k. What is the units digit of (-4)/w*-6*-5?
5
Let b = 6 - 12. Let k(d) = -7*d**2 + d - 10. Let v(m) = -6*m**2 - 9. Let t(h) = 5*k(h) - 6*v(h). What is the units digit of t(b)?
0
Suppose -51204 = -44*j + 7272. What is the hundreds digit of j?
3
Let b = -1 - 3. What is the units digit of b/(-10) + (-84)/(-15)?
6
Let d(v) be the second derivative of 11*v**5/10 + v**4/12 - 28*v. What is the units digit of d(1)?
3
Let d = 52 + -12. Let u(n) = 2*n**2 + n - 103. Let i be u(-9). What is the units digit of d/i + 331/5?
7
Let f = -9 + 13. What is the units digit of (3 - -38)*(-3 + f)?
1
Let f be (-3)/2*78/(-9). Suppose -f = -7*j + 71. What is the tens digit of j?
1
Suppose -s + 51*f + 1654 = 56*f, -2*s - 4*f = -3326. What is the units digit of s?
9
Let k = 978 - 255. What is the tens digit of k?
2
Suppose -3*s + 7934 = 5153. What is the tens digit of s?
2
Suppose -6*o + 30 = 3*d - 4*o, 0 = -o. Suppose -6*p = -d*p. Suppose p = 4*b - 21 - 15. What is the units digit of b?
9
Let f = 3 - 7. Let t be (((-16)/(-1))/f)/(-1). Suppose 3*l - t*y - 76 = -l, -68 = -2*l - 4*y. What is the tens digit of l?
2
Suppose 2435 = 5*p + 5*x, 3*p - 2*x = 11 + 1425. What is the units digit of p?
2
Suppose 5*y = 5*s - 10, -s + 5*y = -6*s + 30. Suppose 0 = -4*u + 2*d + 56, 3*u - 28 = u + s*d. What is the units digit of u?
4
Let p(l) = l**3 - 12*l**2 - 25*l - 21. What is the hundreds digit of p(19)?
0
Let x(w) = -7*w + 351. What is the tens digit of x(-51)?
0
Suppose 5*h + 828 = 2*h. Let f = h + 471. Suppose -5*x + 15 = 0, 3*o - f = -2*x - 57. What is the tens digit of o?
4
Let z = -190 + 314. Let v = -47 - 26. Let u = z + v. What is the units digit of u?
1
Suppose -5 = 2*z - q, 0 = -4*z - 3*q - 21 + 6. Let b(t) = t - 3. Let k be b(z). Let u = k - -12. What is the units digit of u?
6
What is the units digit of (-1334)/(-4) - 1 - 102/(-68)?
4
Suppose -5*u + 30 = -3*u. Suppose 4*a + 2*v - 114 = 0, -2*a + a - 5*v + u = 0. What is the units digit of a?
0
Suppose 6*j - 100 = 5*j. Suppose -3*b - 2 = -17, -4*b + j = 2*i. What is the units digit of i?
0
Suppose -2*d - a = -0*a - 39, 0 = -4*d - 5*a + 69. Let n = -25 + d. What is the tens digit of 46/(n*1/(-4))?
4
Let f(l) = 15*l**2 - 15*l - 35. What is the hundreds digit of f(9)?
0
Suppose 5*y - 20 = -10. Suppose -2*a + a - 3*f + 47 = 0, 112 = y*a - 3*f. What is the units digit of a?
3
Let a be 8/(-6) + 2 + (-1276)/6. Let n = a - -307. What is the tens digit of n?
9
Let y be (-2 - (-102)/15)*(162 + -2). Suppose -12*r + 3120 = y. What is the hundreds digit of r?
1
Let c(q) be the first derivative of -q**4/4 + 10*q**3/3 - q**2 + 6*q + 14. What is the units digit of c(8)?
8
Let q = -688 + 975. What is the units digit of q?
7
Suppose 4*w + w = -4*t - 259, 0 = w - 1. What is the hundreds digit of 4 - t/(-18) - 524/(-3)?
1
Let k(b) = b**3 - 20*b**2 + 55*b - 88. What is the units digit of k(22)?
0
Let d be (2/3)/(1/(-12)). Let g be 16/(-32) + (-31)/(-2). Let s = d + g. What is the units digit of s?
7
Let h(w) = -w**3 + 10*w**2 + 2*w + 10. What is the units digit of h(10)?
0
Suppose -8*i - 48 = -4*i. Let u = -3 + 6. Let l = u - i. What is the tens digit of l?
1
Suppose -7545 = -4*q - 11*q. What is the units digit of q?
3
Suppose -2*c = 3*g - 34, c - g = -0*g + 7. Let l = -1 + 6. Suppose -2*i + 43 = 5*z, 2*i - 6*i + l*z = -c. What is the units digit of i?
9
Let x be (-3 + 2)*(-7 - -4). Suppose x*j + 5*u = 357, -3*u + 277 = 2*j + 39. What is the units digit of j?
9
Let k be 210/28*(-12)/(-5). Suppose -280 = -k*f + 14*f. What is the units digit of f?
0
Suppose 4*p - 361 - 789 = -3*a, -16 = -4*p. What is the units digit of a?
8
What is the units digit of 43 + -36 + 285*7?
2
Let r(v) = -4 + 9*v - 3*v - 4*v + v**2. Let i be r(4). Let b = 34 - i. What is the units digit of b?
4
Let f(h) = -h**2 - h + 1. Let r(c) = -5*c**2 + 5*c - 5. Let x(y) = -4*f(y) + r(y). Let w be x(8). What is the units digit of (-5 - w)*7/(-2)?
4
Let c(u) = u**3 + 6*u**2 + u + 6. Let b be c(-6). Suppose 3*m - 4 - 2 = b. What is the units digit of 7 + (2 + -1 - m)?
6
Suppose -6300 = -157*p + 151*p. What is the units digit of p?
0
Let l be (-2)/7 + 133/(-49). Let d be 344/(-20) + l/(-15). Let v = d - -35. What is the tens digit of v?
1
Let m be (9 + -5)*(-2)/(-4). Suppose -g - 4*g = m*s - 69, -5*g + 2*s + 81 = 0. What is the units digit of g?
5
Let l(t) = -t**3 + 20*t**2 + 22*t - 25. Let v be l(21). Let g(n) = -n**3 + 3*n**2 + 5*n + 4. What is the units digit of g(v)?
6
Let t(d) = -69*d - 6. Let m be t(-2). Suppose 3*x - 6*x = -m. What is the tens digit of x?
4
Suppose -3300 = -5*j - x, 3*j - 4*x = 1101 + 902. What is the hundreds digit of j?
6
Let k(n) = 15*n**2 + 2*n + 2. What is the units digit of k(-3)?
1
Let d(u) = u**3 - 10*u**2 - 11*u - 6. Suppose 2*a = 5*g + 42, 4*a - 3*g = 2*g + 64. Let h be d(a). Let w = h - -20. What is the tens digit of w?
1
Let a(x) = -1008*x - 97. What is the hundreds digit of a(-5)?
9
Let z be 1 + 12 - (15 - 11). Suppose 20 = -z*y + 13*y. What is the units digit of y?
5
Suppose -h = -6*h - 485. Let f = -83 - h. What is the units digit of f?
4
Let i = 98 + -34. Let v(r) = -r**3 - 5*r**2 + 20*r + 3. Let b be v(-7). Let x = b + i. What is the tens digit of x?
2
Let d(r) = -r**3 + 8*r**2 + 13*r - 8. Let k be d(10). Let y = k + 149. What is the units digit of y?
1
Let o be 6*-1*(-6)/9. Let i(l) = -l**3 + 7*l**2 - 7*l + 10. What is the units digit of i(o)?
0
Suppose 0*j + 375 = 5*j - 2*a, 345 = 5*j + 4*a. Suppose 3*d + 2*n = -0*n + j, -110 = -5*d - n. What is the tens digit of d?
2
Suppose j = -4*j + 25. Suppose 2*b = -2*m + 114, 3*b - j*m + 73 = 4*b. What is the tens digit of b?
5
Let m(x) = x + 11. Let a be m(-9). Let h be a + (3 - -206) + 4. Let b = h + -154. What is the tens digit of b?
6
Suppose -8 - 47 = -2*c + 3*o, 0 = 3*c + 2*o - 63. Suppose 5 - c = 2*k. Let i(b) = -4*b - 11. What is the units digit of i(k)?
5
Let f = 1555 - 573. What is the tens digit of f?
8
Let i = -6 - -1. Let b = i - -7. Suppose -s - 5*y - 10 = -1, b*s - 2*y - 6 = 0. What is the units digit of s?
1
Suppose g + 0 = -3*x + 2, 3*g + 5*x - 14 = 0. What is the units digit of g?
8
Suppose 0 = -2*p + v, -3*v = -3*p + 2*p + 10. What is the units digit of ((-132)/18 + p)*(-3)/2?
4
Let k(s) = s**3 + 3*s**2 + s. Let q be k(-2). Suppose 0 = q*d - 5*v - 20 + 1, 0 = -v - 3. What is the units digit of d?
2
Let a(w) = 3*w + 1. Let d be a(1). Let i = -6 + d. What is the units digit of ((-20)/30)/(i/27)?
9
Let t = 4 - 11. Let h = 11 + t. Suppose -4*m = m + 3*k - 39, 0 = h*m + 2*k - 32. What is the units digit of m?
9
Let p(z) = 57*z - 10. Let j(v) = 28*v - 5. Let w(k) = 5*j(k) - 2*p(k). What is the tens digit of w(3)?
7
Let l(h) = -2*h - 4. 